{"id":924,"date":"2024-07-31T12:44:11","date_gmt":"2024-07-31T12:44:11","guid":{"rendered":"https:\/\/network-earn.org\/?page_id=924"},"modified":"2024-10-13T09:45:09","modified_gmt":"2024-10-13T09:45:09","slug":"hba-schweiz","status":"publish","type":"page","link":"https:\/\/earn-network.eu\/start\/hba-schweiz\/","title":{"rendered":"hba Rechtsanw\u00e4lte GmbH Schweiz"},"content":{"rendered":"\n<h2 class=\"wp-block-heading has-text-align-center\">hba&nbsp;Rechtsanw\u00e4lte GmbH<\/h2>\n\n\n\n<div class=\"wp-block-columns is-layout-flex wp-container-core-columns-is-layout-9d6595d7 wp-block-columns-is-layout-flex\">\n<div class=\"wp-block-column is-layout-flow wp-block-column-is-layout-flow\">\n<p>Bellerivestrasse 28<br>8008&nbsp;Z\u00fcrich<br>Schweiz<\/p>\n<\/div>\n\n\n\n<div class=\"wp-block-column is-layout-flow wp-block-column-is-layout-flow\">\n<figure class=\"wp-block-image size-full\"><img decoding=\"async\" width=\"149\" height=\"81\" src=\"https:\/\/earn-network.eu\/wp-content\/uploads\/2024\/07\/hba.jpg\" alt=\"\" class=\"wp-image-889\"\/><\/figure>\n<\/div>\n\n\n\n<div class=\"wp-block-column is-layout-flow wp-block-column-is-layout-flow\"><\/div>\n<\/div>\n\n\n\n<p>Standorte: Graz, Wien, Klagenfurt, Eisenstadt, Z\u00fcrich<br>Kontakt: <a href=\"mailto:j.zink@hba.at\">Johannes Zink<\/a><\/p>\n\n\n\n<p>Telefon +43 50 8060 402<br>Fax&nbsp;+43 50 8060 401<br><a href=\"mailto:j.zink@hba.at\">j.zink@hba.at<\/a><br><a href=\"http:\/\/www.hba.at\/\" target=\"_blank\" rel=\"noreferrer noopener\">https:\/\/www.hba.at\/<\/a><br><br><strong>Weitere Informationen<\/strong><\/p>\n\n\n\n<p>hba ist eine der f\u00fchrenden Anwaltskanzleien \u00d6sterreichs mit Standorten in Wien, Graz, Klagenfurt, Eisenstadt und Z\u00fcrich mit dem Schwerpunkt Wirtschaftsrecht. Insgesamt 19 Partneranw\u00e4lte hat die Kanzlei derzeit.<\/p>\n\n\n\n<p>Die Kernkompetenzen von hba im Bereich Wirtschaftsrecht umfassen insbesondere Litigation, Wirtschaftsstrafrecht und Compliance. Dar\u00fcber hinaus ist hba auch auf die Bereiche Sanierung und Insolvenz spezialisiert (insbesondere Restrukturierung und Sanierung von Unternehmen im nationalen und internationalen Umfeld, Durchsetzung von Forderungen und Sicherheiten vor und w\u00e4hrend des Insolvenzverfahrens, Restrukturierung von Krediten etc.).<\/p>\n\n\n\n<p>Zu den weiteren Schwerpunkten von hba z\u00e4hlen folgende Rechtsgebiete: Arbeits- und Sozialrecht, Bankrecht, Kapitalmarktrecht und Finanzierung, Familienrecht, Immobilienrecht, IT-Recht, Mergers &amp; Acquisitions.<\/p>\n","protected":false},"excerpt":{"rendered":"<p>hba&nbsp;Rechtsanw\u00e4lte GmbH Bellerivestrasse 288008&nbsp;Z\u00fcrichSchweiz Standorte: Graz, Wien, Klagenfurt, Eisenstadt, Z\u00fcrichKontakt: Johannes Zink Telefon +43 50 8060 402Fax&nbsp;+43 50 8060 401j.zink@hba.athttps:\/\/www.hba.at\/ Weitere Informationen hba ist eine der f\u00fchrenden Anwaltskanzleien \u00d6sterreichs mit Standorten in Wien, Graz, Klagenfurt, Eisenstadt und Z\u00fcrich mit dem Schwerpunkt Wirtschaftsrecht. Insgesamt 19 Partneranw\u00e4lte hat die Kanzlei derzeit. Die Kernkompetenzen von hba im Bereich [&hellip;]<\/p>\n","protected":false},"author":1,"featured_media":0,"parent":0,"menu_order":0,"comment_status":"closed","ping_status":"closed","template":"templates\/template-full-width.php","meta":{"footnotes":""},"class_list":["post-924","page","type-page","status-publish","hentry"],"rttpg_featured_image_url":null,"rttpg_author":{"display_name":"admin","author_link":"https:\/\/earn-network.eu\/start\/author\/admin\/"},"rttpg_comment":0,"rttpg_category":" <a href=\"https:\/\/earn-network.eu\/start\/de\/\" rel=\"tag\">Deutsch<\/a>","rttpg_excerpt":"hba&nbsp;Rechtsanw\u00e4lte GmbH Bellerivestrasse 288008&nbsp;Z\u00fcrichSchweiz Standorte: Graz, Wien, Klagenfurt, Eisenstadt, Z\u00fcrichKontakt: Johannes Zink Telefon +43 50 8060 402Fax&nbsp;+43 50 8060 401j.zink@hba.athttps:\/\/www.hba.at\/ Weitere Informationen hba ist eine der f\u00fchrenden Anwaltskanzleien \u00d6sterreichs mit Standorten in Wien, Graz, Klagenfurt, Eisenstadt und Z\u00fcrich mit dem Schwerpunkt Wirtschaftsrecht. Insgesamt 19 Partneranw\u00e4lte hat die Kanzlei derzeit. Die Kernkompetenzen von hba im Bereich&hellip;","_links":{"self":[{"href":"https:\/\/earn-network.eu\/start\/wp-json\/wp\/v2\/pages\/924","targetHints":{"allow":["GET"]}}],"collection":[{"href":"https:\/\/earn-network.eu\/start\/wp-json\/wp\/v2\/pages"}],"about":[{"href":"https:\/\/earn-network.eu\/start\/wp-json\/wp\/v2\/types\/page"}],"author":[{"embeddable":true,"href":"https:\/\/earn-network.eu\/start\/wp-json\/wp\/v2\/users\/1"}],"replies":[{"embeddable":true,"href":"https:\/\/earn-network.eu\/start\/wp-json\/wp\/v2\/comments?post=924"}],"version-history":[{"count":0,"href":"https:\/\/earn-network.eu\/start\/wp-json\/wp\/v2\/pages\/924\/revisions"}],"wp:attachment":[{"href":"https:\/\/earn-network.eu\/start\/wp-json\/wp\/v2\/media?parent=924"}],"curies":[{"name":"wp","href":"https:\/\/api.w.org\/{rel}","templated":true}]}}