{"id":906,"date":"2024-07-31T12:26:14","date_gmt":"2024-07-31T12:26:14","guid":{"rendered":"https:\/\/network-earn.org\/?page_id=906"},"modified":"2024-10-13T09:55:48","modified_gmt":"2024-10-13T09:55:48","slug":"dewispelaere-bv","status":"publish","type":"page","link":"https:\/\/earn-network.eu\/start\/dewispelaere-bv\/","title":{"rendered":"DEWISPELAERE BV"},"content":{"rendered":"\n<h2 class=\"wp-block-heading has-text-align-center\">DEWISPELAERE BV<\/h2>\n\n\n\n<div class=\"wp-block-columns is-layout-flex wp-container-core-columns-is-layout-9d6595d7 wp-block-columns-is-layout-flex\">\n<div class=\"wp-block-column is-layout-flow wp-block-column-is-layout-flow\">\n<p>Oude Mechelsestraat 165<br>1853 Strombeek-Bever (Br\u00fcssel)<br>Belgien<\/p>\n<\/div>\n\n\n\n<div class=\"wp-block-column is-layout-flow wp-block-column-is-layout-flow\">\n<figure class=\"wp-block-image size-full\"><img decoding=\"async\" width=\"212\" height=\"109\" src=\"https:\/\/earn-network.eu\/wp-content\/uploads\/2024\/07\/dewispelaere-bv-2.jpg\" alt=\"\" class=\"wp-image-908\"\/><\/figure>\n<\/div>\n\n\n\n<div class=\"wp-block-column is-layout-flow wp-block-column-is-layout-flow\"><\/div>\n<\/div>\n\n\n\n<p>Standorte: Gent, Br\u00fcssel<br>Kontakt: <a href=\"mailto:mdewispelaere@mdwlaw.be\">Marc Dewispelaere<\/a><\/p>\n\n\n\n<p>Telefon +32 2 267 21 70<br><a href=\"mailto:mdewispelaere@mdwlaw.be\">mdewispelaere@mdwlaw.be<\/a><br><a href=\"http:\/\/www.mdwlaw.be\" target=\"_blank\" rel=\"noreferrer noopener\">https:\/\/www.mdwlaw.be<\/a><br><br><strong>Weitere Informationen<\/strong><\/p>\n\n\n\n<p>Die Kanzlei wurde 1975 von Marc Dewispelaere in Br\u00fcssel gegr\u00fcndet. Marc Dewispelaere erwarb 1970 einen Dr. jur. und einen Master of Notarial Law an der Universit\u00e4t Leuven. Nicolas Dewispelaere erwarb 2002 einen Abschluss in den Rechtswissenschaften in Gent und einen LLM an der American University of Washington DC.<\/p>\n\n\n\n<p>2016 wurde eine zweite Anwaltskanzlei in Gent er\u00f6ffnet. Dewispelaere ist spezialisiert auf (internationale) Handelsvertr\u00e4ge, M&amp;A und Inkasso. Die Kanzlei vertritt mehrere Leasinggesellschaften und die drittgr\u00f6\u00dfte Bank Belgiens bei der Vollstreckung ihrer unbezahlten Rechnungen. Genauso vertritt Dewispelaere mehrere internationale Unternehmen, welche u.a. an der B\u00f6rse in Japan gelistet sind und weitere mehrere europ\u00e4ische L\u00e4nder. Die Kanzlei spricht flie\u00dfend Niederl\u00e4ndisch, Franz\u00f6sisch, Englisch und Deutsch.<\/p>\n\n\n\n<p>F\u00fcr weitere Informationen besuchen Sie die <a href=\"http:\/\/www.mdwlaw.be\" target=\"_blank\" rel=\"noopener\">Website<\/a>.<\/p>\n","protected":false},"excerpt":{"rendered":"<p>DEWISPELAERE BV Oude Mechelsestraat 1651853 Strombeek-Bever (Br\u00fcssel)Belgien Standorte: Gent, Br\u00fcsselKontakt: Marc Dewispelaere Telefon +32 2 267 21 70mdewispelaere@mdwlaw.behttps:\/\/www.mdwlaw.be Weitere Informationen Die Kanzlei wurde 1975 von Marc Dewispelaere in Br\u00fcssel gegr\u00fcndet. Marc Dewispelaere erwarb 1970 einen Dr. jur. und einen Master of Notarial Law an der Universit\u00e4t Leuven. Nicolas Dewispelaere erwarb 2002 einen Abschluss in den [&hellip;]<\/p>\n","protected":false},"author":1,"featured_media":0,"parent":0,"menu_order":0,"comment_status":"closed","ping_status":"closed","template":"templates\/template-full-width.php","meta":{"footnotes":""},"class_list":["post-906","page","type-page","status-publish","hentry"],"rttpg_featured_image_url":null,"rttpg_author":{"display_name":"admin","author_link":"https:\/\/earn-network.eu\/start\/author\/admin\/"},"rttpg_comment":0,"rttpg_category":" <a href=\"https:\/\/earn-network.eu\/start\/de\/\" rel=\"tag\">Deutsch<\/a>","rttpg_excerpt":"DEWISPELAERE BV Oude Mechelsestraat 1651853 Strombeek-Bever (Br\u00fcssel)Belgien Standorte: Gent, Br\u00fcsselKontakt: Marc Dewispelaere Telefon +32 2 267 21 70mdewispelaere@mdwlaw.behttps:\/\/www.mdwlaw.be Weitere Informationen Die Kanzlei wurde 1975 von Marc Dewispelaere in Br\u00fcssel gegr\u00fcndet. Marc Dewispelaere erwarb 1970 einen Dr. jur. und einen Master of Notarial Law an der Universit\u00e4t Leuven. Nicolas Dewispelaere erwarb 2002 einen Abschluss in den&hellip;","_links":{"self":[{"href":"https:\/\/earn-network.eu\/start\/wp-json\/wp\/v2\/pages\/906","targetHints":{"allow":["GET"]}}],"collection":[{"href":"https:\/\/earn-network.eu\/start\/wp-json\/wp\/v2\/pages"}],"about":[{"href":"https:\/\/earn-network.eu\/start\/wp-json\/wp\/v2\/types\/page"}],"author":[{"embeddable":true,"href":"https:\/\/earn-network.eu\/start\/wp-json\/wp\/v2\/users\/1"}],"replies":[{"embeddable":true,"href":"https:\/\/earn-network.eu\/start\/wp-json\/wp\/v2\/comments?post=906"}],"version-history":[{"count":0,"href":"https:\/\/earn-network.eu\/start\/wp-json\/wp\/v2\/pages\/906\/revisions"}],"wp:attachment":[{"href":"https:\/\/earn-network.eu\/start\/wp-json\/wp\/v2\/media?parent=906"}],"curies":[{"name":"wp","href":"https:\/\/api.w.org\/{rel}","templated":true}]}}