{"id":819,"date":"2024-07-31T10:16:30","date_gmt":"2024-07-31T10:16:30","guid":{"rendered":"https:\/\/network-earn.org\/?page_id=819"},"modified":"2024-10-14T19:22:59","modified_gmt":"2024-10-14T19:22:59","slug":"paschen-rechtsanwaelte","status":"publish","type":"page","link":"https:\/\/earn-network.eu\/start\/paschen-rechtsanwaelte\/","title":{"rendered":"PASCHEN\u00a0Rechtsanw\u00e4lte"},"content":{"rendered":"\n<h2 class=\"wp-block-heading has-text-align-center\">PASCHEN&nbsp;Rechtsanw\u00e4lte<\/h2>\n\n\n\n<div class=\"wp-block-columns is-layout-flex wp-container-core-columns-is-layout-9d6595d7 wp-block-columns-is-layout-flex\">\n<div class=\"wp-block-column is-layout-flow wp-block-column-is-layout-flow\">\n<p>Kaiserin-Augusta-Allee 113<br>10553 Berlin<br>Deutschland<\/p>\n<\/div>\n\n\n\n<div class=\"wp-block-column is-layout-flow wp-block-column-is-layout-flow\">\n<figure class=\"wp-block-image size-full\"><img decoding=\"async\" width=\"185\" height=\"38\" src=\"https:\/\/earn-network.eu\/wp-content\/uploads\/2024\/07\/logo-paschen-rechtsanwaelte.png\" alt=\"\" class=\"wp-image-822\"\/><\/figure>\n<\/div>\n\n\n\n<div class=\"wp-block-column is-layout-flow wp-block-column-is-layout-flow\"><\/div>\n<\/div>\n\n\n\n<p>Standorte: Berlin, Leipzig, M\u00fcnchen, K\u00f6ln<br>Kontakt:&nbsp;<a href=\"mailto:L.Paschen@paschen.cc\" target=\"_blank\" rel=\"noreferrer noopener\">Rechtsanwalt Lutz Paschen<\/a><\/p>\n\n\n\n<p>Telefon +49 30 34 67 56 0<br>Fax +49 30 34 67 56 22<br><a href=\"mailto:berlin@paschen.cc\">berlin@paschen.cc<\/a><br><a href=\"https:\/\/www.paschen.cc\" target=\"_blank\" rel=\"noreferrer noopener\">https:\/\/www.paschen.cc<\/a><\/p>\n\n\n\n<p><strong>Weitere Informationen<\/strong><\/p>\n\n\n\n<p>Als bundesweit aufgestellte Partnerschaftsgesellschaft mit beschr\u00e4nkter Berufshaftung von Rechtsanw\u00e4lten befasst sich PASCHEN Rechtsanw\u00e4lte seit 1993 mit wirtschaftsrechtlichen Themen und ist heute einer der f\u00fchrenden deutschen Anbieter qualitativen anwaltlichen B2B-Forderungsmanagements.<\/p>\n\n\n\n<p>PASCHENs ausgepr\u00e4gte Mandantenorientierung, verbunden mit dem konsequenten Einsatz modernster IT-Technologien ist die Grundlage f\u00fcr die effiziente und erfolgreiche Betreuung von Mandaten mittelst\u00e4ndischer Unternehmen wie multinationaler Konzerne. Mit fachlicher Kompetenz, vertieften Kenntnissen wirtschaftlicher Zusammenh\u00e4nge sowie detailliertem Branchenwissen erarbeitet PASCHEN gemeinsam mit seinen Kunden innovative Probleml\u00f6sungen mit dem Ziel, wirtschaftlich m\u00f6glichst optimale Ergebnisse zu erzielen, bei einem Minimum an B\u00fcrokratie.<\/p>\n\n\n\n<p>Die B\u00fcndelung von Spezialwissen und der st\u00e4ndige Austausch in den standort\u00fcbergreifenden Praxisgruppen Arbeitsrecht, Bauen &amp; Immobilien, China &amp; S\u00fcdasien, Factoring, Handel &amp; Dienstleistung, Insolvenzrecht, Internationales Zivil- &amp; Handelsrecht und Versicherung sichert ihre anwaltliche Betreuung auf h\u00f6chstem Niveau.<\/p>\n","protected":false},"excerpt":{"rendered":"<p>PASCHEN&nbsp;Rechtsanw\u00e4lte Kaiserin-Augusta-Allee 11310553 BerlinDeutschland Standorte: Berlin, Leipzig, M\u00fcnchen, K\u00f6lnKontakt:&nbsp;Rechtsanwalt Lutz Paschen Telefon +49 30 34 67 56 0Fax +49 30 34 67 56 22berlin@paschen.cchttps:\/\/www.paschen.cc Weitere Informationen Als bundesweit aufgestellte Partnerschaftsgesellschaft mit beschr\u00e4nkter Berufshaftung von Rechtsanw\u00e4lten befasst sich PASCHEN Rechtsanw\u00e4lte seit 1993 mit wirtschaftsrechtlichen Themen und ist heute einer der f\u00fchrenden deutschen Anbieter qualitativen anwaltlichen B2B-Forderungsmanagements. [&hellip;]<\/p>\n","protected":false},"author":1,"featured_media":0,"parent":0,"menu_order":0,"comment_status":"closed","ping_status":"closed","template":"templates\/template-full-width.php","meta":{"footnotes":""},"class_list":["post-819","page","type-page","status-publish","hentry"],"rttpg_featured_image_url":null,"rttpg_author":{"display_name":"admin","author_link":"https:\/\/earn-network.eu\/start\/author\/admin\/"},"rttpg_comment":0,"rttpg_category":" <a href=\"https:\/\/earn-network.eu\/start\/de\/\" rel=\"tag\">Deutsch<\/a>","rttpg_excerpt":"PASCHEN&nbsp;Rechtsanw\u00e4lte Kaiserin-Augusta-Allee 11310553 BerlinDeutschland Standorte: Berlin, Leipzig, M\u00fcnchen, K\u00f6lnKontakt:&nbsp;Rechtsanwalt Lutz Paschen Telefon +49 30 34 67 56 0Fax +49 30 34 67 56 22berlin@paschen.cchttps:\/\/www.paschen.cc Weitere Informationen Als bundesweit aufgestellte Partnerschaftsgesellschaft mit beschr\u00e4nkter Berufshaftung von Rechtsanw\u00e4lten befasst sich PASCHEN Rechtsanw\u00e4lte seit 1993 mit wirtschaftsrechtlichen Themen und ist heute einer der f\u00fchrenden deutschen Anbieter qualitativen anwaltlichen B2B-Forderungsmanagements.&hellip;","_links":{"self":[{"href":"https:\/\/earn-network.eu\/start\/wp-json\/wp\/v2\/pages\/819","targetHints":{"allow":["GET"]}}],"collection":[{"href":"https:\/\/earn-network.eu\/start\/wp-json\/wp\/v2\/pages"}],"about":[{"href":"https:\/\/earn-network.eu\/start\/wp-json\/wp\/v2\/types\/page"}],"author":[{"embeddable":true,"href":"https:\/\/earn-network.eu\/start\/wp-json\/wp\/v2\/users\/1"}],"replies":[{"embeddable":true,"href":"https:\/\/earn-network.eu\/start\/wp-json\/wp\/v2\/comments?post=819"}],"version-history":[{"count":0,"href":"https:\/\/earn-network.eu\/start\/wp-json\/wp\/v2\/pages\/819\/revisions"}],"wp:attachment":[{"href":"https:\/\/earn-network.eu\/start\/wp-json\/wp\/v2\/media?parent=819"}],"curies":[{"name":"wp","href":"https:\/\/api.w.org\/{rel}","templated":true}]}}