{"id":66,"date":"2024-04-22T16:14:30","date_gmt":"2024-04-22T16:14:30","guid":{"rendered":"https:\/\/network-earn.org\/?page_id=66"},"modified":"2024-10-13T09:42:44","modified_gmt":"2024-10-13T09:42:44","slug":"advoops","status":"publish","type":"page","link":"https:\/\/earn-network.eu\/start\/advoops\/","title":{"rendered":"ADVO.OPS"},"content":{"rendered":"<h3 style=\"text-align: center;\">ADVO.OPS<\/h3>\n<article>EARN verf\u00fcgt jetzt \u00fcber die Onlineplattform advo.ops. Die exklusiv f\u00fcr unser Netzwerk von der <a title=\"zum Internetauftritt der swepp GmbH - smart web applications\" href=\"http:\/\/www.swepp.eu\/\" target=\"_blank\" rel=\"noopener\">swepp GmbH<\/a>\u00a0programmierte Internet-Anwendung erlaubt \u00a0es den EARN-Anw\u00e4lten Ihre Akten unter Ber\u00fccksichtigung \u00a0festgelegter\u00a0(Konzern-)strukturen mit allen relevanten Daten zu erfassen, zu bearbeiten und automatisiert in das von dem EARN &#8211; Mitglied\u00a0<a title=\"zum Internetauftritt von PASCHEN Rechtsanw\u00e4lte\" href=\"http:\/\/www.paschen.cc\/\" target=\"_blank\" rel=\"noopener\">PASCHEN Rechtsanw\u00e4lte<\/a>\u00a0bereitgestellte Mandantenportal Mandatenportal\u00a0<a title=\"zum Onlineportal debit.control\" href=\"https:\/\/dc.paschen.cc\/\" target=\"_blank\" rel=\"noopener\">debit.control<\/a>\u00a0zu \u00fcbertragen.Erfasst werden k\u00f6nnen neben s\u00e4mtliche Basisdaten einer Akte wie:<\/p>\n<ul>\n<li>Aktenzeichen \/ Aktenzeichen bei Gericht<\/li>\n<li>Anlagedatum \/ Ablagedatum<\/li>\n<li>Verfahrensstand \/ Bearbeitungsverlauf<\/li>\n<li>Grund der Beauftragung<\/li>\n<li>Wiedervorlagen<\/li>\n<li>Gegnerinformationen<\/li>\n<\/ul>\n<p>auch Bewegungsdaten wie:<\/p>\n<ul>\n<li>Forderungen, Kosten und Geldeing\u00e4nge inkl. tagesgenauer Zinsberechnung<\/li>\n<li>Dokumente innerhalb der Aktenhistorie<\/li>\n<li>Verwaltung von l\u00e4nderspezifischen Zinsverl\u00e4ufen<\/li>\n<\/ul>\n<p>Diese Daten k\u00f6nnen mit Hilfe intelligenter Eingabemasken durch den Benutzer ohne den Einsatz zus\u00e4tzlicher Schnittstellen zu den diversen l\u00e4nderspezifischen Vorsysteme vollst\u00e4ndig online abgebildet werden.<\/p>\n<p>Alle Daten werden \u00fcber eine verschl\u00fcsselte SSL-Verbindung \u00fcbertragen und auf ausfallsicheren abgeschotteten Serversystemen abgelegt. Der Zugriff auf diese Daten ist somit nur den autorisierten Benutzer von\u00a0advo.ops\u00a0m\u00f6glich.<\/p>\n<p>EARN- Mandanten genie\u00dfen damit eine nie gekannte Transparenz und Vergleichbarkeit bei der anwaltlichen Bearbeitung ihrer internationalen Forderungssachen.<\/p>\n<\/article>\n","protected":false},"excerpt":{"rendered":"<p>ADVO.OPS EARN verf\u00fcgt jetzt \u00fcber die Onlineplattform advo.ops. Die exklusiv f\u00fcr unser Netzwerk von der swepp GmbH\u00a0programmierte Internet-Anwendung erlaubt \u00a0es den EARN-Anw\u00e4lten Ihre Akten unter Ber\u00fccksichtigung \u00a0festgelegter\u00a0(Konzern-)strukturen mit allen relevanten Daten zu erfassen, zu bearbeiten und automatisiert in das von dem EARN &#8211; Mitglied\u00a0PASCHEN Rechtsanw\u00e4lte\u00a0bereitgestellte Mandantenportal Mandatenportal\u00a0debit.control\u00a0zu \u00fcbertragen.Erfasst werden k\u00f6nnen neben s\u00e4mtliche Basisdaten einer Akte [&hellip;]<\/p>\n","protected":false},"author":1,"featured_media":0,"parent":0,"menu_order":0,"comment_status":"closed","ping_status":"closed","template":"templates\/template-full-width.php","meta":{"footnotes":""},"class_list":["post-66","page","type-page","status-publish","hentry"],"rttpg_featured_image_url":null,"rttpg_author":{"display_name":"admin","author_link":"https:\/\/earn-network.eu\/start\/author\/admin\/"},"rttpg_comment":0,"rttpg_category":" <a href=\"https:\/\/earn-network.eu\/start\/de\/\" rel=\"tag\">Deutsch<\/a>","rttpg_excerpt":"ADVO.OPS EARN verf\u00fcgt jetzt \u00fcber die Onlineplattform advo.ops. Die exklusiv f\u00fcr unser Netzwerk von der swepp GmbH\u00a0programmierte Internet-Anwendung erlaubt \u00a0es den EARN-Anw\u00e4lten Ihre Akten unter Ber\u00fccksichtigung \u00a0festgelegter\u00a0(Konzern-)strukturen mit allen relevanten Daten zu erfassen, zu bearbeiten und automatisiert in das von dem EARN &#8211; Mitglied\u00a0PASCHEN Rechtsanw\u00e4lte\u00a0bereitgestellte Mandantenportal Mandatenportal\u00a0debit.control\u00a0zu \u00fcbertragen.Erfasst werden k\u00f6nnen neben s\u00e4mtliche Basisdaten einer Akte&hellip;","_links":{"self":[{"href":"https:\/\/earn-network.eu\/start\/wp-json\/wp\/v2\/pages\/66","targetHints":{"allow":["GET"]}}],"collection":[{"href":"https:\/\/earn-network.eu\/start\/wp-json\/wp\/v2\/pages"}],"about":[{"href":"https:\/\/earn-network.eu\/start\/wp-json\/wp\/v2\/types\/page"}],"author":[{"embeddable":true,"href":"https:\/\/earn-network.eu\/start\/wp-json\/wp\/v2\/users\/1"}],"replies":[{"embeddable":true,"href":"https:\/\/earn-network.eu\/start\/wp-json\/wp\/v2\/comments?post=66"}],"version-history":[{"count":0,"href":"https:\/\/earn-network.eu\/start\/wp-json\/wp\/v2\/pages\/66\/revisions"}],"wp:attachment":[{"href":"https:\/\/earn-network.eu\/start\/wp-json\/wp\/v2\/media?parent=66"}],"curies":[{"name":"wp","href":"https:\/\/api.w.org\/{rel}","templated":true}]}}